s divided by 11?
10
Suppose 5*q - 40 - 25 = 0. Suppose 0 = -m - 3*l + 46, -4*l + 34 = -5*m + 283. Calculate the remainder when m is divided by q.
10
Let x(n) = -n**3 + 5*n**2 + 4*n + 5. Let b be x(5). Let r = b - 14. What is the remainder when 32 is divided by r?
10
Let k(b) = 5*b - 8. Let h be k(7). Suppose 5*p = -5*w + 80, -h = -2*w + 2*p + p. Calculate the remainder when 2/6 - 524/(-12) is divided by w.
14
Let f(b) = -b**3 + 9*b**2 - 8*b - 9. Let p be (-32)/(-5) - 2/5. Let s(y) = -y**2 + 9*y - 1. Calculate the remainder when f(7) is divided by s(p).
16
Suppose 11 = -t + 29. Let a = 63 - -7. What is the remainder when a is divided by t?
16
Let h = -5 - -21. Calculate the remainder when h is divided by 6.
4
Suppose -3*o - 58 = -5*c - 5*o, -2*o = -3*c + 38. Calculate the remainder when 33 is divided by c.
9
Calculate the remainder when 268 is divided by 2365/44 + 2/8.
52
Let s(i) = 5*i**2 + 3*i + 1. Suppose -z = -5*z - 3*p - 80, -53 = 3*z + 4*p. Let f = 5 - z. What is the remainder when f is divided by s(-2)?
13
Suppose 3*k - 44 = 2*x, x + 3*x = -3*k + 56. Let c = 11 + 20. What is the remainder when c is divided by k?
15
Let i = 21 + -44. Let u = i + 51. What is the remainder when u is divided by (3/4)/(2/40)?
13
Suppose -15 = 5*l, 3*c - 2*l - 180 = 3*l. Calculate the remainder when c is divided by 14.
13
Let y be 8 + -5 - (0 + 2). Suppose 4*v - 23 = -3*f, -3*v - f = -6*v + y. What is the remainder when 7 is divided by v?
1
Let i(w) = -70*w**2 + 2*w - 1. Let z(d) = 47*d**2 - d + 1. Let m(f) = -5*i(f) - 7*z(f). What is the remainder when m(-1) is divided by 8?
6
Suppose 0 = 5*m - 696 + 126. Let w = -46 + m. Suppose -d = 3*d - w. Calculate the remainder when 49 is divided by d.
15
Suppose 2*b - 6 = 8. Let n = -35 + 53. Suppose -n + 3 = -5*a. What is the remainder when b is divided by a?
1
Let d(i) = i**3 + 6*i**2 - 7*i + 2. Let p be d(-6). Suppose -p = -4*h - 0*h. Calculate the remainder when 43 is divided by h.
10
What is the remainder when 59 is divided by (3/(-6))/((-5)/(1800/6))?
29
Suppose 2*h + 2 - 10 = 0, 5*u - 5*h - 385 = 0. What is the remainder when u is divided by 28?
25
Suppose 16*y - 20*y + 124 = 0. What is the remainder when 60 is divided by y?
29
Let r be (0/2)/(-1 - -2). Suppose r*i = -i + 32. Calculate the remainder when i is divided by (-6)/(-14) - 116/(-7).
15
Let h(c) = -6*c - 7. Calculate the remainder when h(-5) is divided by ((-4)/(-6))/((-2)/(-24)).
7
Let s = 18 + 24. Calculate the remainder when s is divided by 15.
12
Suppose 5*i + 0*i - 35 = 0. Calculate the remainder when 6/((-72)/(-15))*20 is divided by i.
4
Suppose 0 = -l - l - 2*f + 20, l - 3*f - 2 = 0. What is the remainder when (l/2)/((-2)/(-14)) is divided by 1/3 + 87/9?
8
Let z = -120 + 205. What is the remainder when z is divided by 22?
19
Calculate the remainder when 37 is divided by (-4 - (2 + -3)) + 23.
17
Let c(y) = y**3 + 7*y**2 + 6*y + 4. What is the remainder when 93 is divided by c(-5)?
21
Suppose -2*d + 4*t + 3 = -1, -7 = d - 5*t. Let k(f) = f**3 - 7*f**2 - 6*f + 6. Calculate the remainder when k(d) is divided by 4/6 + 34/3.
10
Suppose -4*k = -8*k + 44. Let l(x) = x**2 - 4*x. Suppose -h = -3*v + 4*v - 12, h = -4*v + 27. Calculate the remainder when l(h) is divided by k.
10
Let k be (-6 + 0)/(15/(-80)). Suppose -2*a = -6*a + k. What is the remainder when 22 is divided by a?
6
Suppose -4*i + 731 = 3*j, 5*i - j - 920 = -30. What is the remainder when i is divided by 45?
44
Let c(h) = -7*h + 4. What is the remainder when c(-15) is divided by 14?
11
Suppose 8*v - 121 = 111. Calculate the remainder when 52 is divided by v.
23
Let l = -24 + 62. Suppose 5*s = 3*y - 87 - 27, 0 = 3*y + 2*s - 93. Suppose 5*a = 98 - y. Calculate the remainder when l is divided by a.
12
Let i(x) = 2*x**2 + x - 1. Let o be i(1). Suppose o*k - 7*k - 15 = 0, -5*k + 77 = 4*f. What is the remainder when f is divided by 12?
11
Let y(k) = -45*k**3 + 1. What is the remainder when y(-1) is divided by 12?
10
Suppose -10 = -3*i - 6*u + 5*u, 12 = 2*i - 2*u. What is the remainder when 26 is divided by i?
2
Suppose 4*y = -57 + 201. What is the remainder when y is divided by 19?
17
Suppose 32 = 3*p - 7. What is the remainder when 37 is divided by p?
11
Suppose 7 = 2*r - 3*r. Let n(j) = j**2 + 8*j + 9. Let u be n(r). Suppose 0 = f - m - 10, -3*f + 37 - 3 = -u*m. Calculate the remainder when 41 is divided by f.
13
Let m = 45 - 30. Calculate the remainder when (-6)/m - 535/(-25) is divided by 8.
5
Let h(z) = z**2 + 4*z + 3. Let i be h(-4). What is the remainder when 34*(i/2)/1 is divided by 13?
12
Let d = 47 + 18. What is the remainder when d is divided by 33?
32
Calculate the remainder when 84 is divided by (203/14)/((-1)/(-2)).
26
Let o be -5*(-2 - (-72)/10). Let b = 73 + o. What is the remainder when b is divided by 12?
11
Suppose h + h = 2. Calculate the remainder when h is divided by -1*2*14/(-28).
0
Let l = 29 + -15. Let z = l - 2. What is the remainder when 59 is divided by z?
11
Suppose 46*z = 47*z - 12. Calculate the remainder when 46 is divided by z.
10
Let r be 6/2 - (-1 + 4). Suppose r = 4*p - 384 + 96. What is the remainder when p is divided by 25?
22
Calculate the remainder when 83 is divided by (-12)/(3 - 6) - -10.
13
Suppose 0 = -5*l - 3*b + 69, -4*l = -6*l - 5*b + 39. What is the remainder when 34 is divided by l?
10
Suppose -3*k + 420 = k. What is the remainder when k is divided by 27?
24
Let m = -10 + 12. What is the remainder when (2 + -12)*(-1)/2 is divided by m?
1
Suppose 0 = -4*w, n + 2 = 2*n - 4*w. Suppose -n*q = q - 21. Calculate the remainder when 18 is divided by q.
4
Let j = 18 - 7. Let t(h) = -7*h**2 + 4*h - 3. Let y(w) = -13*w**2 + 7*w - 5. Let b(g) = j*t(g) - 6*y(g). What is the remainder when 35 is divided by b(-5)?
11
Let k = -173 - -249. What is the remainder when k is divided by 20?
16
Suppose -13*t - 140 = -15*t. Calculate the remainder when t is divided by 18.
16
Let u = 175 - -17. What is the remainder when u is divided by 28?
24
Suppose 8 = -5*g + 158. Calculate the remainder when g is divided by 8.
6
Let m be 2*(-3 + 15/2). Let l = 9 - m. Suppose l = 2*g - g - 31. Calculate the remainder when g is divided by 16.
15
Let s = -1 - -12. What is the remainder when s is divided by 8?
3
Suppose -2*x + 35 = 3*x. Suppose -3*f = -4*z - 17, 4*z = 4*f - 0 - 20. Let m(v) = -v + 1. What is the remainder when x is divided by m(z)?
1
Let v(l) = 1 + 3*l**2 + 0*l**2 + 0 - 2*l. What is the remainder when v(-2) is divided by 9?
8
Suppose 2*i + 4*m - 14 = 0, -4*m = -5*i + 11 + 66. What is the remainder when 36 + (-4 + 2 - -2) is divided by i?
10
Suppose -5*k + 2*f + 0*f = -533, -20 = 5*f. Suppose 3*w = -2*w - 2*u + k, 0 = w + u - 18. Calculate the remainder when w is divided by 8.
7
Let n be -1 + 8 - 3 - 1. Suppose 4*t + 0*t = -5*g + 132, -2*t - 66 = -n*g. What is the remainder when 69 is divided by g?
21
Let h(p) = 22*p**2 - 2*p - 1. Let u(z) = z + 3. Let y be u(-4). What is the remainder when 43 is divided by h(y)?
20
Let s(n) = n**3 + 7*n**2 + 4*n - 8. Let d be s(-6). Suppose i - d = 6. What is the remainder when 18 is divided by i?
8
Suppose -5*r + 9 = k, 7 = 5*r - k - 4. Let q(z) = 23*z**2. What is the remainder when q(1) is divided by -4*(-5 + r + 0)?
11
Suppose 0*r - 2*r = -24. Let u = 94 + -61. What is the remainder when u is divided by r?
9
Suppose m - 11 - 23 = 0. What is the remainder when 135 is divided by m?
33
Let s(g) = -3*g**3 + g + 2 - 1 - 14*g**3 - g**2. What is the remainder when 62 is divided by s(-1)?
14
Let u = -35 + 23. Let l = 17 + u. Calculate the remainder when (-1 + 2 + 1)*4 is divided by l.
3
Let h(f) = -f**3 + 5*f**2 - 4*f + 5. Let t be h(4). Suppose t*i - 72 = 3*i. Calculate the remainder when i is divided by 13.
10
Suppose 29 = 6*b - 13. What is the remainder when 13 is divided by b?
6
Suppose -5*z - 4*f + 55 = -2*z, -3*z - 3*f + 54 = 0. Let r(i) = 18*i**2 - 2*i - 1. Calculate the remainder when r(2) is divided by z.
16
Suppose 16 = l - y, -y - 20 = 4*y. Suppose -r + 3*s = -l, -4*r + 0*s = -2*s - 98. Calculate the remainder when r is divided by 14.
13
Calculate the remainder when 61 is divided by (2 + -2 - 2) + 16 + 2.
13
Suppose -3*g + 8 + 10 = 0. Suppose f - 4*f + 66 = 0. Calculate the remainder when f is divided by g.
4
Let c = 31 + -19. Supp